{"id":8737,"date":"2022-04-20T15:27:34","date_gmt":"2022-04-20T13:27:34","guid":{"rendered":"https:\/\/www.lazioeuropa.it\/archivio1420\/por_fse-16\/partenariato-73\/"},"modified":"2023-04-20T13:56:16","modified_gmt":"2023-04-20T11:56:16","slug":"partenariato-73","status":"publish","type":"page","link":"https:\/\/www.lazioeuropa.it\/archivio1420\/por_fse-16\/partenariato-73\/","title":{"rendered":"Partenariato"},"content":{"rendered":"\n<div class=\"wp-block-columns is-layout-flex wp-container-core-columns-is-layout-1 wp-block-columns-is-layout-flex\">\n<div class=\"wp-block-column is-layout-flow wp-block-column-is-layout-flow\" style=\"flex-basis:66.66%\">\n<p>La concertazione territoriale, finalizzata a definire tematiche comuni da incardinare all\u2019interno del Programma Operativo per il FSE 2014-2020, \u00e8 stata avviata nel giugno 2013 attraverso l\u2019iniziativa Lazio Idee, e ha portato alla capitalizzazione di oltre 2.000 proposte pervenute dal partenariato in fase di redazione del PO (acquisite nell\u2019ambito del <em>Catalogo delle idee<\/em>), cui ha fatto seguito il negoziato intercorso tra la Regione Lazio, i Servizi della Commissione europea e i Ministeri competenti, conclusosi con l\u2019approvazione del POR FSE 2014-2020 con Decisione C (2014) 9799 del 12 dicembre 2014.<\/p>\n\n\n\n<p>Attraverso l\u2019azione dell\u2019Assessorato alla Formazione, Ricerca, Scuola e Universit\u00e0 e della Direzione regionale \u201c<em>Formazione, ricerca e innovazione, scuola e universit\u00e0, diritto allo studio<\/em>\u201d in cui \u00e8 incardinata l\u2019Autorit\u00e0 di Gestione del POR, la Regione ha inteso cos\u00ec cogliere l\u2019opportunit\u00e0 di varare un modello operativo di confronto che &#8211; partendo dai capisaldi e dalle regole consolidate di un buon percorso di lavoro &#8211; possa consentire di esprimere la migliore forma e sostanza del processo programmatorio delle risorse finanziarie destinate al Fondo Sociale Europeo.<\/p>\n<\/div>\n\n\n\n<div class=\"wp-block-column is-layout-flow wp-block-column-is-layout-flow\" style=\"flex-basis:33.33%\">\n<p class=\"has-text-color has-background\" style=\"color:#082386;background-color:#c6deee;font-size:16px\"><strong><a href=\"https:\/\/www.lazioeuropa.it\/archivio1420\/por_fse-16\/\">Il programma &#8211; POR FSE 2014-2020<\/a><br><a href=\"https:\/\/www.lazioeuropa.it\/archivio1420\/por_fse-16\/struttura_organizzativa-71\/\">Struttura organizzativa<\/a><br><a href=\"https:\/\/www.lazioeuropa.it\/archivio1420\/por_fse-16\/comitato_di_sorveglianza-72\/\">Comitato di sorveglianza<\/a><br><a href=\"https:\/\/www.lazioeuropa.it\/archivio1420\/por_fse-16\/sistema_di_gestione_e_controllo-107\/\">Sistema di gestione e controllo<\/a><br><a href=\"https:\/\/www.lazioeuropa.it\/archivio1420\/por_fse-16\/misure_antifrode-152\/\">Misure antifrode<\/a><br><a href=\"https:\/\/www.lazioeuropa.it\/archivio1420\/por_fse-16\/attuazione_del_programma-129\/\">Attuazione del Programma<\/a><br><a href=\"https:\/\/www.lazioeuropa.it\/archivio1420\/por_fse-16\/sistema_informativo-128\/\">Sistema informativo<\/a><br><a href=\"https:\/\/www.lazioeuropa.it\/archivio1420\/por_fse-16\/valutazione-74\/\">Valutazione<\/a><br><a href=\"https:\/\/www.lazioeuropa.it\/archivio1420\/por_fse-16\/comunicazione_e_identita_visiva-75\/\">Comunicazione e identit\u00e0 visiva<\/a><br><a href=\"https:\/\/www.lazioeuropa.it\/archivio1420\/por_fse-16\/partenariato-73\/\">Partenariato<\/a><br><a href=\"https:\/\/www.lazioeuropa.it\/archivio1420\/por_fse-16\/documentazione-108\/\">Documentazione<\/a><\/strong><\/p>\n\n\n\n<p><\/p>\n<\/div>\n<\/div>\n\n\n<p style=\"text-align: justify;\">Ancorch\u00e9 aggiuntivi, infatti, i Fondi SIE costituiscono un perno strategico per rilanciare l\u2019economia, il lavoro e le risorse umane, per conseguire i necessari\u00a0 miglioramenti in campo sociale, ambientale, urbano, energetico, e cos\u00ec via, e alimentare i percorsi di partecipazione attiva alla ripresa e al recupero di competitivit\u00e0 positiva ed equa, nel solco dei principi di crescita solidale che anche i documenti europei hanno assunto.<\/p>\n<p style=\"text-align: justify;\">Nell&#8217;ambito del FSE, la Regione si \u00e8 perci\u00f2 dotata di un\u00a0<strong><a href=\"https:\/\/www.lazioeuropa.it\/archivio1420\/app\/uploads\/2015\/06\/dd_g05336_30_04_2015_piano_governance_partenariale.pdf\" target=\"_blank\" rel=\"noopener\"><em>Piano di attuazione della governance del processo partenariale<\/em><\/a><\/strong>\u00a0(approvato con la <a href=\"https:\/\/www.lazioeuropa.it\/archivio1420\/app\/uploads\/2015\/06\/dd_g05336_30_04_2015.pdf\" target=\"_blank\" rel=\"noopener\">Determinazione n. G05336 del 30 aprile 2015<\/a>) che definisce obiettivi, regole e strumenti alla base del lavoro in partenariato &#8211; ricomprendendo in esso autorit\u00e0 locali, cittadine e altre autorit\u00e0 pubbliche competenti, parti economiche e sociali e organismi che rappresentano la societ\u00e0 civile, compresi i partner ambientali, le organizzazioni non governative e gli organismi di promozione della parit\u00e0 e non discriminazione.<\/p>\n<p>\u00a0<\/p>","protected":false},"excerpt":{"rendered":"<p>La concertazione territoriale, finalizzata a definire tematiche comuni da incardinare all\u2019interno del Programma Operativo per il FSE 2014-2020, \u00e8 stata avviata nel giugno 2013 attraverso l\u2019iniziativa Lazio Idee, e ha portato alla capitalizzazione di oltre 2.000 proposte pervenute dal partenariato in fase di redazione del PO (acquisite nell\u2019ambito del Catalogo delle idee), cui ha fatto [&hellip;]<\/p>\n","protected":false},"author":1,"featured_media":0,"parent":8702,"menu_order":0,"comment_status":"closed","ping_status":"closed","template":"","meta":{"_acf_changed":false,"ghostkit_customizer_options":"","ghostkit_custom_css":"","ghostkit_custom_js_head":"","ghostkit_custom_js_foot":"","ghostkit_typography":"","footnotes":""},"class_list":["post-8737","page","type-page","status-publish","hentry"],"acf":[],"yoast_head":"<!-- This site is optimized with the Yoast SEO plugin v24.2 - https:\/\/yoast.com\/wordpress\/plugins\/seo\/ -->\n<title>Partenariato - LazioEuropa Archivio 1420<\/title>\n<meta name=\"robots\" content=\"index, follow, max-snippet:-1, max-image-preview:large, max-video-preview:-1\" \/>\n<link rel=\"canonical\" href=\"https:\/\/www.lazioeuropa.it\/archivio1420\/por_fse-16\/partenariato-73\/\" \/>\n<meta property=\"og:locale\" content=\"it_IT\" \/>\n<meta property=\"og:type\" content=\"article\" \/>\n<meta property=\"og:title\" content=\"Partenariato - LazioEuropa Archivio 1420\" \/>\n<meta property=\"og:description\" content=\"La concertazione territoriale, finalizzata a definire tematiche comuni da incardinare all\u2019interno del Programma Operativo per il FSE 2014-2020, \u00e8 stata avviata nel giugno 2013 attraverso l\u2019iniziativa Lazio Idee, e ha portato alla capitalizzazione di oltre 2.000 proposte pervenute dal partenariato in fase di redazione del PO (acquisite nell\u2019ambito del Catalogo delle idee), cui ha fatto [&hellip;]\" \/>\n<meta property=\"og:url\" content=\"https:\/\/www.lazioeuropa.it\/archivio1420\/por_fse-16\/partenariato-73\/\" \/>\n<meta property=\"og:site_name\" content=\"LazioEuropa Archivio 1420\" \/>\n<meta property=\"article:modified_time\" content=\"2023-04-20T11:56:16+00:00\" \/>\n<meta name=\"twitter:card\" content=\"summary_large_image\" \/>\n<meta name=\"twitter:label1\" content=\"Est. reading time\" \/>\n\t<meta name=\"twitter:data1\" content=\"2 minuti\" \/>\n<script type=\"application\/ld+json\" class=\"yoast-schema-graph\">{\"@context\":\"https:\/\/schema.org\",\"@graph\":[{\"@type\":\"WebPage\",\"@id\":\"https:\/\/www.lazioeuropa.it\/archivio1420\/por_fse-16\/partenariato-73\/\",\"url\":\"https:\/\/www.lazioeuropa.it\/archivio1420\/por_fse-16\/partenariato-73\/\",\"name\":\"Partenariato - LazioEuropa Archivio 1420\",\"isPartOf\":{\"@id\":\"https:\/\/www.lazioeuropa.it\/archivio1420\/#website\"},\"datePublished\":\"2022-04-20T13:27:34+00:00\",\"dateModified\":\"2023-04-20T11:56:16+00:00\",\"breadcrumb\":{\"@id\":\"https:\/\/www.lazioeuropa.it\/archivio1420\/por_fse-16\/partenariato-73\/#breadcrumb\"},\"inLanguage\":\"it-IT\",\"potentialAction\":[{\"@type\":\"ReadAction\",\"target\":[\"https:\/\/www.lazioeuropa.it\/archivio1420\/por_fse-16\/partenariato-73\/\"]}]},{\"@type\":\"BreadcrumbList\",\"@id\":\"https:\/\/www.lazioeuropa.it\/archivio1420\/por_fse-16\/partenariato-73\/#breadcrumb\",\"itemListElement\":[{\"@type\":\"ListItem\",\"position\":1,\"name\":\"Home\",\"item\":\"https:\/\/www.lazioeuropa.it\/archivio1420\/\"},{\"@type\":\"ListItem\",\"position\":2,\"name\":\"POR FSE\",\"item\":\"https:\/\/www.lazioeuropa.it\/archivio1420\/por_fse-16\/\"},{\"@type\":\"ListItem\",\"position\":3,\"name\":\"Partenariato\"}]},{\"@type\":\"WebSite\",\"@id\":\"https:\/\/www.lazioeuropa.it\/archivio1420\/#website\",\"url\":\"https:\/\/www.lazioeuropa.it\/archivio1420\/\",\"name\":\"LazioEuropa Archivio 1420\",\"description\":\"Lazio Europa\",\"potentialAction\":[{\"@type\":\"SearchAction\",\"target\":{\"@type\":\"EntryPoint\",\"urlTemplate\":\"https:\/\/www.lazioeuropa.it\/archivio1420\/?s={search_term_string}\"},\"query-input\":{\"@type\":\"PropertyValueSpecification\",\"valueRequired\":true,\"valueName\":\"search_term_string\"}}],\"inLanguage\":\"it-IT\"}]}<\/script>\n<!-- \/ Yoast SEO plugin. -->","yoast_head_json":{"title":"Partenariato - LazioEuropa Archivio 1420","robots":{"index":"index","follow":"follow","max-snippet":"max-snippet:-1","max-image-preview":"max-image-preview:large","max-video-preview":"max-video-preview:-1"},"canonical":"https:\/\/www.lazioeuropa.it\/archivio1420\/por_fse-16\/partenariato-73\/","og_locale":"it_IT","og_type":"article","og_title":"Partenariato - LazioEuropa Archivio 1420","og_description":"La concertazione territoriale, finalizzata a definire tematiche comuni da incardinare all\u2019interno del Programma Operativo per il FSE 2014-2020, \u00e8 stata avviata nel giugno 2013 attraverso l\u2019iniziativa Lazio Idee, e ha portato alla capitalizzazione di oltre 2.000 proposte pervenute dal partenariato in fase di redazione del PO (acquisite nell\u2019ambito del Catalogo delle idee), cui ha fatto [&hellip;]","og_url":"https:\/\/www.lazioeuropa.it\/archivio1420\/por_fse-16\/partenariato-73\/","og_site_name":"LazioEuropa Archivio 1420","article_modified_time":"2023-04-20T11:56:16+00:00","twitter_card":"summary_large_image","twitter_misc":{"Est. reading time":"2 minuti"},"schema":{"@context":"https:\/\/schema.org","@graph":[{"@type":"WebPage","@id":"https:\/\/www.lazioeuropa.it\/archivio1420\/por_fse-16\/partenariato-73\/","url":"https:\/\/www.lazioeuropa.it\/archivio1420\/por_fse-16\/partenariato-73\/","name":"Partenariato - LazioEuropa Archivio 1420","isPartOf":{"@id":"https:\/\/www.lazioeuropa.it\/archivio1420\/#website"},"datePublished":"2022-04-20T13:27:34+00:00","dateModified":"2023-04-20T11:56:16+00:00","breadcrumb":{"@id":"https:\/\/www.lazioeuropa.it\/archivio1420\/por_fse-16\/partenariato-73\/#breadcrumb"},"inLanguage":"it-IT","potentialAction":[{"@type":"ReadAction","target":["https:\/\/www.lazioeuropa.it\/archivio1420\/por_fse-16\/partenariato-73\/"]}]},{"@type":"BreadcrumbList","@id":"https:\/\/www.lazioeuropa.it\/archivio1420\/por_fse-16\/partenariato-73\/#breadcrumb","itemListElement":[{"@type":"ListItem","position":1,"name":"Home","item":"https:\/\/www.lazioeuropa.it\/archivio1420\/"},{"@type":"ListItem","position":2,"name":"POR FSE","item":"https:\/\/www.lazioeuropa.it\/archivio1420\/por_fse-16\/"},{"@type":"ListItem","position":3,"name":"Partenariato"}]},{"@type":"WebSite","@id":"https:\/\/www.lazioeuropa.it\/archivio1420\/#website","url":"https:\/\/www.lazioeuropa.it\/archivio1420\/","name":"LazioEuropa Archivio 1420","description":"Lazio Europa","potentialAction":[{"@type":"SearchAction","target":{"@type":"EntryPoint","urlTemplate":"https:\/\/www.lazioeuropa.it\/archivio1420\/?s={search_term_string}"},"query-input":{"@type":"PropertyValueSpecification","valueRequired":true,"valueName":"search_term_string"}}],"inLanguage":"it-IT"}]}},"featured_image_src":null,"featured_image_src_square":null,"_links":{"self":[{"href":"https:\/\/www.lazioeuropa.it\/archivio1420\/wp-json\/wp\/v2\/pages\/8737","targetHints":{"allow":["GET"]}}],"collection":[{"href":"https:\/\/www.lazioeuropa.it\/archivio1420\/wp-json\/wp\/v2\/pages"}],"about":[{"href":"https:\/\/www.lazioeuropa.it\/archivio1420\/wp-json\/wp\/v2\/types\/page"}],"author":[{"embeddable":true,"href":"https:\/\/www.lazioeuropa.it\/archivio1420\/wp-json\/wp\/v2\/users\/1"}],"replies":[{"embeddable":true,"href":"https:\/\/www.lazioeuropa.it\/archivio1420\/wp-json\/wp\/v2\/comments?post=8737"}],"version-history":[{"count":1,"href":"https:\/\/www.lazioeuropa.it\/archivio1420\/wp-json\/wp\/v2\/pages\/8737\/revisions"}],"predecessor-version":[{"id":10193,"href":"https:\/\/www.lazioeuropa.it\/archivio1420\/wp-json\/wp\/v2\/pages\/8737\/revisions\/10193"}],"up":[{"embeddable":true,"href":"https:\/\/www.lazioeuropa.it\/archivio1420\/wp-json\/wp\/v2\/pages\/8702"}],"wp:attachment":[{"href":"https:\/\/www.lazioeuropa.it\/archivio1420\/wp-json\/wp\/v2\/media?parent=8737"}],"curies":[{"name":"wp","href":"https:\/\/api.w.org\/{rel}","templated":true}]}}

<div class="wp-block-columns is-layout-flex wp-container-core-columns-is-layout-1 wp-block-columns-is-layout-flex">
<div class="wp-block-column is-layout-flow wp-block-column-is-layout-flow" style="flex-basis:66.66%">
<p>La concertazione territoriale, finalizzata a definire tematiche comuni da incardinare all’interno del Programma Operativo per il FSE 2014-2020, è stata avviata nel giugno 2013 attraverso l’iniziativa Lazio Idee, e ha portato alla capitalizzazione di oltre 2.000 proposte pervenute dal partenariato in fase di redazione del PO (acquisite nell’ambito del <em>Catalogo delle idee</em>), cui ha fatto seguito il negoziato intercorso tra la Regione Lazio, i Servizi della Commissione europea e i Ministeri competenti, conclusosi con l’approvazione del POR FSE 2014-2020 con Decisione C (2014) 9799 del 12 dicembre 2014.</p>



<p>Attraverso l’azione dell’Assessorato alla Formazione, Ricerca, Scuola e Università e della Direzione regionale “<em>Formazione, ricerca e innovazione, scuola e università, diritto allo studio</em>” in cui è incardinata l’Autorità di Gestione del POR, la Regione ha inteso così cogliere l’opportunità di varare un modello operativo di confronto che &#8211; partendo dai capisaldi e dalle regole consolidate di un buon percorso di lavoro &#8211; possa consentire di esprimere la migliore forma e sostanza del processo programmatorio delle risorse finanziarie destinate al Fondo Sociale Europeo.</p>
</div>



<div class="wp-block-column is-layout-flow wp-block-column-is-layout-flow" style="flex-basis:33.33%">
<p class="has-text-color has-background" style="color:#082386;background-color:#c6deee;font-size:16px"><strong><a href="https://www.lazioeuropa.it/archivio1420/por_fse-16/">Il programma &#8211; POR FSE 2014-2020</a><br><a href="https://www.lazioeuropa.it/archivio1420/por_fse-16/struttura_organizzativa-71/">Struttura organizzativa</a><br><a href="https://www.lazioeuropa.it/archivio1420/por_fse-16/comitato_di_sorveglianza-72/">Comitato di sorveglianza</a><br><a href="https://www.lazioeuropa.it/archivio1420/por_fse-16/sistema_di_gestione_e_controllo-107/">Sistema di gestione e controllo</a><br><a href="https://www.lazioeuropa.it/archivio1420/por_fse-16/misure_antifrode-152/">Misure antifrode</a><br><a href="https://www.lazioeuropa.it/archivio1420/por_fse-16/attuazione_del_programma-129/">Attuazione del Programma</a><br><a href="https://www.lazioeuropa.it/archivio1420/por_fse-16/sistema_informativo-128/">Sistema informativo</a><br><a href="https://www.lazioeuropa.it/archivio1420/por_fse-16/valutazione-74/">Valutazione</a><br><a href="https://www.lazioeuropa.it/archivio1420/por_fse-16/comunicazione_e_identita_visiva-75/">Comunicazione e identità visiva</a><br><a href="https://www.lazioeuropa.it/archivio1420/por_fse-16/partenariato-73/">Partenariato</a><br><a href="https://www.lazioeuropa.it/archivio1420/por_fse-16/documentazione-108/">Documentazione</a></strong></p>



<p></p>
</div>
</div>


<p style="text-align: justify;">Ancorché aggiuntivi, infatti, i Fondi SIE costituiscono un perno strategico per rilanciare l’economia, il lavoro e le risorse umane, per conseguire i necessari  miglioramenti in campo sociale, ambientale, urbano, energetico, e così via, e alimentare i percorsi di partecipazione attiva alla ripresa e al recupero di competitività positiva ed equa, nel solco dei principi di crescita solidale che anche i documenti europei hanno assunto.</p>
<p style="text-align: justify;">Nell&#8217;ambito del FSE, la Regione si è perciò dotata di un <strong><a href="https://www.lazioeuropa.it/archivio1420/app/uploads/2015/06/dd_g05336_30_04_2015_piano_governance_partenariale.pdf" target="_blank" rel="noopener"><em>Piano di attuazione della governance del processo partenariale</em></a></strong> (approvato con la <a href="https://www.lazioeuropa.it/archivio1420/app/uploads/2015/06/dd_g05336_30_04_2015.pdf" target="_blank" rel="noopener">Determinazione n. G05336 del 30 aprile 2015</a>) che definisce obiettivi, regole e strumenti alla base del lavoro in partenariato &#8211; ricomprendendo in esso autorità locali, cittadine e altre autorità pubbliche competenti, parti economiche e sociali e organismi che rappresentano la società civile, compresi i partner ambientali, le organizzazioni non governative e gli organismi di promozione della parità e non discriminazione.</p>
<p> </p>

<p>La concertazione territoriale, finalizzata a definire tematiche comuni da incardinare all’interno del Programma Operativo per il FSE 2014-2020, è stata avviata nel giugno 2013 attraverso l’iniziativa Lazio Idee, e ha portato alla capitalizzazione di oltre 2.000 proposte pervenute dal partenariato in fase di redazione del PO (acquisite nell’ambito del Catalogo delle idee), cui ha fatto [&hellip;]</p>

<!-- This site is optimized with the Yoast SEO plugin v24.2 - https://yoast.com/wordpress/plugins/seo/ -->
<title>Partenariato - LazioEuropa Archivio 1420</title>
<meta name="robots" content="index, follow, max-snippet:-1, max-image-preview:large, max-video-preview:-1" />
<link rel="canonical" href="https://www.lazioeuropa.it/archivio1420/por_fse-16/partenariato-73/" />
<meta property="og:locale" content="it_IT" />
<meta property="og:type" content="article" />
<meta property="og:title" content="Partenariato - LazioEuropa Archivio 1420" />
<meta property="og:description" content="La concertazione territoriale, finalizzata a definire tematiche comuni da incardinare all’interno del Programma Operativo per il FSE 2014-2020, è stata avviata nel giugno 2013 attraverso l’iniziativa Lazio Idee, e ha portato alla capitalizzazione di oltre 2.000 proposte pervenute dal partenariato in fase di redazione del PO (acquisite nell’ambito del Catalogo delle idee), cui ha fatto [&hellip;]" />
<meta property="og:url" content="https://www.lazioeuropa.it/archivio1420/por_fse-16/partenariato-73/" />
<meta property="og:site_name" content="LazioEuropa Archivio 1420" />
<meta property="article:modified_time" content="2023-04-20T11:56:16+00:00" />
<meta name="twitter:card" content="summary_large_image" />
<meta name="twitter:label1" content="Est. reading time" />
	<meta name="twitter:data1" content="2 minuti" />
<script type="application/ld+json" class="yoast-schema-graph">{"@context":"https://schema.org","@graph":[{"@type":"WebPage","@id":"https://www.lazioeuropa.it/archivio1420/por_fse-16/partenariato-73/","url":"https://www.lazioeuropa.it/archivio1420/por_fse-16/partenariato-73/","name":"Partenariato - LazioEuropa Archivio 1420","isPartOf":{"@id":"https://www.lazioeuropa.it/archivio1420/#website"},"datePublished":"2022-04-20T13:27:34+00:00","dateModified":"2023-04-20T11:56:16+00:00","breadcrumb":{"@id":"https://www.lazioeuropa.it/archivio1420/por_fse-16/partenariato-73/#breadcrumb"},"inLanguage":"it-IT","potentialAction":[{"@type":"ReadAction","target":["https://www.lazioeuropa.it/archivio1420/por_fse-16/partenariato-73/"]}]},{"@type":"BreadcrumbList","@id":"https://www.lazioeuropa.it/archivio1420/por_fse-16/partenariato-73/#breadcrumb","itemListElement":[{"@type":"ListItem","position":1,"name":"Home","item":"https://www.lazioeuropa.it/archivio1420/"},{"@type":"ListItem","position":2,"name":"POR FSE","item":"https://www.lazioeuropa.it/archivio1420/por_fse-16/"},{"@type":"ListItem","position":3,"name":"Partenariato"}]},{"@type":"WebSite","@id":"https://www.lazioeuropa.it/archivio1420/#website","url":"https://www.lazioeuropa.it/archivio1420/","name":"LazioEuropa Archivio 1420","description":"Lazio Europa","potentialAction":[{"@type":"SearchAction","target":{"@type":"EntryPoint","urlTemplate":"https://www.lazioeuropa.it/archivio1420/?s={search_term_string}"},"query-input":{"@type":"PropertyValueSpecification","valueRequired":true,"valueName":"search_term_string"}}],"inLanguage":"it-IT"}]}</script>
<!-- / Yoast SEO plugin. -->

La concertazione territoriale, finalizzata a definire tematiche comuni da incardinare all’interno del Programma Operativo per il FSE 2014-2020, è stata avviata nel giugno 2013 attraverso l’iniziativa Lazio Idee, e ha portato alla capitalizzazione di oltre 2.000 proposte pervenute dal partenariato in fase di redazione del PO (acquisite nell’ambito del Catalogo delle idee), cui ha fatto [&hellip;]
