{"id":23,"date":"2020-06-26T07:20:31","date_gmt":"2020-06-26T07:20:31","guid":{"rendered":"https:\/\/consultazione2127.xaos.it\/laziosostenibile\/?page_id=23"},"modified":"2023-07-04T11:55:09","modified_gmt":"2023-07-04T09:55:09","slug":"obiettivi-e-articolazione-della-strategia","status":"publish","type":"page","link":"https:\/\/www.lazioeuropa.it\/laziosostenibile\/obiettivi-e-articolazione-della-strategia\/","title":{"rendered":"Obiettivi e articolazione della strategia"},"content":{"rendered":"\n<p>Nel quadro delle grandi sfide lanciate dall\u2019Agenda 2030 &#8211; che riguardano la conservazione dell\u2019ambiente, il capitale umano\/relazionale, quello economico, culturale e sociale &#8211; la&nbsp;<strong>Strategia Regionale per lo Sviluppo Sostenibile (SRSvS)&nbsp;del Lazio<\/strong> mira a individuare i principali strumenti per contribuire al raggiungimento degli obiettivi della Strategia Nazionale per lo Sviluppo sostenibile (SNSvS) nonch\u00e9 ai goal e ai target contenuti nella Risoluzione \u201cAgenda 2030 sullo Sviluppo Sostenibile\u201d adottata nel 2015 dall&#8217;Assemblea Generale delle Nazioni Unite.<\/p>\n\n\n\n<p><strong><em>Il percorso: <\/em><\/strong><br><strong><em>a) la governance<\/em><\/strong> <br>L\u2019azione di governance \u00e8 affidata alla <strong>Cabina di Regia interassessorile<\/strong> per lo sviluppo sostenibile, guidata dall\u2019Assessore allo Sviluppo Economico e composta da tutti gli Assessori competenti rispetto alle diverse dimensioni dello sviluppo sostenibile (economica, sociale, ambientale). La Cabina svolge funzioni di orientamento e verifica dell\u2019attuazione e dei risultati della Strategia e, pi\u00f9 in particolare:<\/p>\n\n\n\n<ul class=\"is-style-styled wp-block-list\">\n<li>il coordinamento delle politiche generali o di settore impattanti direttamente o indirettamente sull\u2019attuazione della Strategia<\/li>\n\n\n\n<li>la verifica dello stato di attuazione della Strategia e le sue eventuali modifiche<\/li>\n\n\n\n<li>il <em>follow up<\/em> connesso all\u2019evoluzione del contesto normativo e tecnologico in materia di Sviluppo Sostenibile (SS)<\/li>\n\n\n\n<li>l\u2019analisi dei processi evolutivi delle politiche incentivanti orientate alla promozione delle politiche di SS a livello nazionale e comunitario<\/li>\n\n\n\n<li>la partecipazione alle fasi di concertazione e confronto in sede nazionale e internazionale in tema di SS.<\/li>\n<\/ul>\n\n\n\n<p>Quale supporto tecnico-amministrativo, la Cabina \u00e8 assistita dal <strong><em>Gruppo di lavoro tecnico<\/em><\/strong>, composto dai referenti designati da Assessorati e Direzioni regionali competenti per materia e da un nucleo operativo<strong><em> (Gruppo di pilotaggio)<\/em><\/strong>.<\/p>\n\n\n\n<p><strong><em>b) il processo di costruzione della Strategia<\/em><\/strong><\/p>\n\n\n\n<ul class=\"is-style-styled ghostkit-custom-17V3IP wp-block-list\">\n<li>il coinvolgimento delle<strong> istituzioni locali, <\/strong>finalizzato a garantire un allineamento degli obiettivi delle politiche di sviluppo sostenibile adottate a livello regionale e locale e un coordinamento delle azioni intraprese<\/li>\n\n\n\n<li>il coinvolgimento della<strong> societ\u00e0 civile, <\/strong>attraverso:\n<ul class=\"wp-block-list\">\n<li>l\u2019Istituzione del <strong>\u201c<a href=\"http:\/\/www.lazioeuropa.it\/laziosostenibile\/forum\/\">Forum Regionale per lo Sviluppo Sostenibile<\/a>\u201d,<\/strong> luogo <em>virtuale <\/em>di sintesi e condivisione di temi di interesse comune inerenti allo SS, nonch\u00e9 di diffusione di buone pratiche. Gli Attori coinvolti nel Forum sono l\u2019espressione quanto pi\u00f9 vasta possibile di tutti i soggetti a vario titolo interessati dai temi dello SS (cittadini, EE.LL, imprese \u2026). I temi affrontati dal Forum sono di portata ampia e riguarderanno lo sviluppo sostenibile nella sua accezione pi\u00f9 ampia. Ogni cittadino, impresa, ente locale, ricercatore potr\u00e0 contribuire attivamente e potr\u00e0 segnalare proposte, progetti, best practice partecipando al Forum e rispondendo al <strong><a href=\"http:\/\/www.lazioeuropa.it\/laziosostenibile\/forum\/questionario\/\">questionario<\/a><\/strong><\/li>\n\n\n\n<li>i <strong><a href=\"http:\/\/www.lazioeuropa.it\/laziosostenibile\/focus-group\/\">Focus group<\/a><\/strong> tematici, attraverso la consultazione di operatori qualificati al fine di raccogliere proposte, opinioni e suggerimenti finalizzati ad acquisire approfondimenti per la definizione della Strategia per lo SS regionale. In coerenza con le scelte strategiche e i connessi obiettivi della SNSvS, i 7 temi individuati come prioritari riguarderanno i seguenti Obiettivi strategici:<br><img loading=\"lazy\" decoding=\"async\" width=\"596\" height=\"444\" class=\"wp-image-69\" style=\"width: px;\" src=\"http:\/\/www.lazioeuropa.it\/laziosostenibile\/app\/uploads\/2020\/06\/TABELLA-FOCUS-GROUP.jpg\" alt=\"\"><\/li>\n\n\n\n<li><strong><a href=\"http:\/\/www.lazioeuropa.it\/laziosostenibile\/webinar\/\">webinar<\/a><\/strong>, incentrati su temi generali inerenti all\u2019Agenda 2030 o alla SNSvS per una platea vasta o mirati sui temi dei Focus Group o di particolare interesse e rilevanza e destinati a target specifici (scuole, imprese, Enti Locali), con l\u2019obiettivo di accrescere le conoscenze e le competenze<\/li>\n\n\n\n<li><strong>altre azioni di comunicazione\/sensibilizzazione<\/strong> quali, ad esempio, giornate divulgative e informative rivolte alla cittadinanza sui temi dello sviluppo sostenibile e sul percorso intrapreso a livello regionale o specifici seminari dedicati alle imprese<\/li>\n<\/ul>\n<\/li>\n\n\n\n<li>il lavoro di <strong>approfondimento on desk<\/strong>, che prevede una serie di elaborazioni quali, ad esempio:\n<ul class=\"wp-block-list\">\n<li>il <strong><em>posizionamento regionale<\/em><\/strong> e la realizzazione di una gap analysis tra policy di settore e obiettivi della SNSvS e Agenda 2030<\/li>\n\n\n\n<li>la definizione di un <strong><em>sistema di monitoraggio<\/em><\/strong> degli obiettivi, delle azioni e dei relativi target per ciascun ambito di policy, che sia coerente con il sistema di monitoraggio adottato a livello nazionale e nelle altre regioni<\/li>\n<\/ul>\n<\/li>\n\n\n\n<li>il <strong>raccordo e la contestualizzazione<\/strong> della SRSvS e delle connesse azioni da mettere in campo con:<ul><li>quanto previsto dal <strong><a aria-label=\"undefined (apri in una nuova scheda)\" href=\"http:\/\/www.lazioeuropa.it\/consultazione2127\/app\/uploads\/2020\/06\/DGR_656_09_11_2020.pdf\" target=\"_blank\" rel=\"noreferrer noopener\">Documento Strategico di Programmazione (DSP)<\/a><\/strong> 2018-23 della Regione Lazio<\/li><li>gli <strong><em>indirizzi\/orientamenti comunitari<\/em><\/strong> (a titolo esemplificativo: Strategia Europa 2020; Agenda 2030; &#8230;) e nazionali (SNSS; Strategia Energetica Nazionale; Smart Specialisation Strategy nazionale; Piano Nazionale Integrato Energia e Clima &#8230;)<\/li><li>gli orientamenti della <strong><em>Politica di sviluppo e coesione 2021-2027<\/em><\/strong> e che guideranno l&#8217;elaborazione dei Programmi operativi regionali per il prossimo settennio<\/li><li>la programmazione\/attuazione delle recenti <strong><em>politiche regionali<\/em><\/strong> di impatto diretto o indiretto in tema di SS, anche in corso di definizione (Programmazione Fondi SIE e FSC; Smart Specialisation Strategy regionale; Piano d\u2019azione per il GPP; Piano Energetico Regionale; Piano Territoriale Paesaggistico Regionale; Piano Territoriale Regionale Generale; pianificazione in tema di Aree interne; Piani settoriali inerenti alla qualit\u00e0 dell\u2019aria, alla tutela dell\u2019acqua, ai rifiuti, alla mobilit\u00e0 &#8230;)<\/li><li>gli <strong><em>indirizzi della Cabina di regia<\/em><\/strong> <strong><em>interassessorile<\/em><\/strong>, che opera col supporto tecnico-amministrativo del <a href=\"http:\/\/www.lazioeuropa.it\/laziosostenibile\/app\/uploads\/2021\/06\/Atto_Org_G06507_31_05_2021.pdf\" target=\"_blank\" aria-label=\"undefined (apri in una nuova scheda)\" rel=\"noreferrer noopener\"><strong>Gruppo di lavoro tecnico sulla sostenibilit\u00e0<\/strong><\/a><\/li><\/ul>\n<ul class=\"wp-block-list\">\n<li>il contributo regionale al <strong><em>Piano Nazionale di Riforma<\/em><\/strong> sullo stato di realizzazione degli obiettivi della strategia UE 2020, in raccordo con la programmazione 2014-2020 dei Fondi SIE e dell\u2019Agenda 2030 ONU<\/li>\n\n\n\n<li>le indicazioni strutturate provenienti dal coinvolgimento attivo delle Istituzioni locali e stakeholder regionali attraverso i <strong><em>Focus Group <\/em><\/strong>e il<strong><em> Forum<\/em><\/strong><\/li>\n<\/ul>\n<\/li>\n<\/ul>\n","protected":false},"excerpt":{"rendered":"<p>Nel quadro delle grandi sfide lanciate dall\u2019Agenda 2030 &#8211; che riguardano la conservazione dell\u2019ambiente, il capitale umano\/relazionale, quello economico, culturale e sociale &#8211; la&nbsp;Strategia Regionale per lo Sviluppo Sostenibile (SRSvS)&nbsp;del Lazio mira a individuare i principali strumenti per contribuire al raggiungimento degli obiettivi della Strategia Nazionale per lo Sviluppo sostenibile (SNSvS) nonch\u00e9 ai goal e [&hellip;]<\/p>\n","protected":false},"author":1,"featured_media":0,"parent":0,"menu_order":0,"comment_status":"closed","ping_status":"closed","template":"templates\/ilracconto.php","meta":{"_acf_changed":false,"_uag_custom_page_level_css":"","ghostkit_customizer_options":"","ghostkit_custom_css":"","ghostkit_custom_js_head":"","ghostkit_custom_js_foot":"","ghostkit_typography":"","footnotes":""},"class_list":["post-23","page","type-page","status-publish","hentry"],"acf":[],"yoast_head":"<!-- This site is optimized with the Yoast SEO plugin v25.9 - https:\/\/yoast.com\/wordpress\/plugins\/seo\/ -->\n<title>Obiettivi e articolazione della strategia - Lazio, regione sostenibile<\/title>\n<meta name=\"robots\" content=\"index, follow, max-snippet:-1, max-image-preview:large, max-video-preview:-1\" \/>\n<link rel=\"canonical\" href=\"https:\/\/www.lazioeuropa.it\/laziosostenibile\/obiettivi-e-articolazione-della-strategia\/\" \/>\n<meta property=\"og:locale\" content=\"it_IT\" \/>\n<meta property=\"og:type\" content=\"article\" \/>\n<meta property=\"og:title\" content=\"Obiettivi e articolazione della strategia - Lazio, regione sostenibile\" \/>\n<meta property=\"og:description\" content=\"Nel quadro delle grandi sfide lanciate dall\u2019Agenda 2030 &#8211; che riguardano la conservazione dell\u2019ambiente, il capitale umano\/relazionale, quello economico, culturale e sociale &#8211; la&nbsp;Strategia Regionale per lo Sviluppo Sostenibile (SRSvS)&nbsp;del Lazio mira a individuare i principali strumenti per contribuire al raggiungimento degli obiettivi della Strategia Nazionale per lo Sviluppo sostenibile (SNSvS) nonch\u00e9 ai goal e [&hellip;]\" \/>\n<meta property=\"og:url\" content=\"https:\/\/www.lazioeuropa.it\/laziosostenibile\/obiettivi-e-articolazione-della-strategia\/\" \/>\n<meta property=\"og:site_name\" content=\"Lazio, regione sostenibile\" \/>\n<meta property=\"article:modified_time\" content=\"2023-07-04T09:55:09+00:00\" \/>\n<meta property=\"og:image\" content=\"http:\/\/www.lazioeuropa.it\/laziosostenibile\/app\/uploads\/2020\/06\/TABELLA-FOCUS-GROUP.jpg\" \/>\n<meta name=\"twitter:card\" content=\"summary_large_image\" \/>\n<meta name=\"twitter:label1\" content=\"Tempo di lettura stimato\" \/>\n\t<meta name=\"twitter:data1\" content=\"5 minuti\" \/>\n<script type=\"application\/ld+json\" class=\"yoast-schema-graph\">{\"@context\":\"https:\/\/schema.org\",\"@graph\":[{\"@type\":\"WebPage\",\"@id\":\"https:\/\/www.lazioeuropa.it\/laziosostenibile\/obiettivi-e-articolazione-della-strategia\/\",\"url\":\"https:\/\/www.lazioeuropa.it\/laziosostenibile\/obiettivi-e-articolazione-della-strategia\/\",\"name\":\"Obiettivi e articolazione della strategia - Lazio, regione sostenibile\",\"isPartOf\":{\"@id\":\"https:\/\/www.lazioeuropa.it\/laziosostenibile\/#website\"},\"primaryImageOfPage\":{\"@id\":\"https:\/\/www.lazioeuropa.it\/laziosostenibile\/obiettivi-e-articolazione-della-strategia\/#primaryimage\"},\"image\":{\"@id\":\"https:\/\/www.lazioeuropa.it\/laziosostenibile\/obiettivi-e-articolazione-della-strategia\/#primaryimage\"},\"thumbnailUrl\":\"http:\/\/www.lazioeuropa.it\/laziosostenibile\/app\/uploads\/2020\/06\/TABELLA-FOCUS-GROUP.jpg\",\"datePublished\":\"2020-06-26T07:20:31+00:00\",\"dateModified\":\"2023-07-04T09:55:09+00:00\",\"breadcrumb\":{\"@id\":\"https:\/\/www.lazioeuropa.it\/laziosostenibile\/obiettivi-e-articolazione-della-strategia\/#breadcrumb\"},\"inLanguage\":\"it-IT\",\"potentialAction\":[{\"@type\":\"ReadAction\",\"target\":[\"https:\/\/www.lazioeuropa.it\/laziosostenibile\/obiettivi-e-articolazione-della-strategia\/\"]}]},{\"@type\":\"ImageObject\",\"inLanguage\":\"it-IT\",\"@id\":\"https:\/\/www.lazioeuropa.it\/laziosostenibile\/obiettivi-e-articolazione-della-strategia\/#primaryimage\",\"url\":\"https:\/\/www.lazioeuropa.it\/laziosostenibile\/app\/uploads\/2020\/06\/TABELLA-FOCUS-GROUP.jpg\",\"contentUrl\":\"https:\/\/www.lazioeuropa.it\/laziosostenibile\/app\/uploads\/2020\/06\/TABELLA-FOCUS-GROUP.jpg\",\"width\":596,\"height\":444},{\"@type\":\"BreadcrumbList\",\"@id\":\"https:\/\/www.lazioeuropa.it\/laziosostenibile\/obiettivi-e-articolazione-della-strategia\/#breadcrumb\",\"itemListElement\":[{\"@type\":\"ListItem\",\"position\":1,\"name\":\"Home\",\"item\":\"https:\/\/www.lazioeuropa.it\/laziosostenibile\/\"},{\"@type\":\"ListItem\",\"position\":2,\"name\":\"Obiettivi e articolazione della strategia\"}]},{\"@type\":\"WebSite\",\"@id\":\"https:\/\/www.lazioeuropa.it\/laziosostenibile\/#website\",\"url\":\"https:\/\/www.lazioeuropa.it\/laziosostenibile\/\",\"name\":\"Lazio, regione sostenibile\",\"description\":\"Lazio, regione sostenibile\",\"potentialAction\":[{\"@type\":\"SearchAction\",\"target\":{\"@type\":\"EntryPoint\",\"urlTemplate\":\"https:\/\/www.lazioeuropa.it\/laziosostenibile\/?s={search_term_string}\"},\"query-input\":{\"@type\":\"PropertyValueSpecification\",\"valueRequired\":true,\"valueName\":\"search_term_string\"}}],\"inLanguage\":\"it-IT\"}]}<\/script>\n<!-- \/ Yoast SEO plugin. -->","yoast_head_json":{"title":"Obiettivi e articolazione della strategia - Lazio, regione sostenibile","robots":{"index":"index","follow":"follow","max-snippet":"max-snippet:-1","max-image-preview":"max-image-preview:large","max-video-preview":"max-video-preview:-1"},"canonical":"https:\/\/www.lazioeuropa.it\/laziosostenibile\/obiettivi-e-articolazione-della-strategia\/","og_locale":"it_IT","og_type":"article","og_title":"Obiettivi e articolazione della strategia - Lazio, regione sostenibile","og_description":"Nel quadro delle grandi sfide lanciate dall\u2019Agenda 2030 &#8211; che riguardano la conservazione dell\u2019ambiente, il capitale umano\/relazionale, quello economico, culturale e sociale &#8211; la&nbsp;Strategia Regionale per lo Sviluppo Sostenibile (SRSvS)&nbsp;del Lazio mira a individuare i principali strumenti per contribuire al raggiungimento degli obiettivi della Strategia Nazionale per lo Sviluppo sostenibile (SNSvS) nonch\u00e9 ai goal e [&hellip;]","og_url":"https:\/\/www.lazioeuropa.it\/laziosostenibile\/obiettivi-e-articolazione-della-strategia\/","og_site_name":"Lazio, regione sostenibile","article_modified_time":"2023-07-04T09:55:09+00:00","og_image":[{"url":"http:\/\/www.lazioeuropa.it\/laziosostenibile\/app\/uploads\/2020\/06\/TABELLA-FOCUS-GROUP.jpg","type":"","width":"","height":""}],"twitter_card":"summary_large_image","twitter_misc":{"Tempo di lettura stimato":"5 minuti"},"schema":{"@context":"https:\/\/schema.org","@graph":[{"@type":"WebPage","@id":"https:\/\/www.lazioeuropa.it\/laziosostenibile\/obiettivi-e-articolazione-della-strategia\/","url":"https:\/\/www.lazioeuropa.it\/laziosostenibile\/obiettivi-e-articolazione-della-strategia\/","name":"Obiettivi e articolazione della strategia - Lazio, regione sostenibile","isPartOf":{"@id":"https:\/\/www.lazioeuropa.it\/laziosostenibile\/#website"},"primaryImageOfPage":{"@id":"https:\/\/www.lazioeuropa.it\/laziosostenibile\/obiettivi-e-articolazione-della-strategia\/#primaryimage"},"image":{"@id":"https:\/\/www.lazioeuropa.it\/laziosostenibile\/obiettivi-e-articolazione-della-strategia\/#primaryimage"},"thumbnailUrl":"http:\/\/www.lazioeuropa.it\/laziosostenibile\/app\/uploads\/2020\/06\/TABELLA-FOCUS-GROUP.jpg","datePublished":"2020-06-26T07:20:31+00:00","dateModified":"2023-07-04T09:55:09+00:00","breadcrumb":{"@id":"https:\/\/www.lazioeuropa.it\/laziosostenibile\/obiettivi-e-articolazione-della-strategia\/#breadcrumb"},"inLanguage":"it-IT","potentialAction":[{"@type":"ReadAction","target":["https:\/\/www.lazioeuropa.it\/laziosostenibile\/obiettivi-e-articolazione-della-strategia\/"]}]},{"@type":"ImageObject","inLanguage":"it-IT","@id":"https:\/\/www.lazioeuropa.it\/laziosostenibile\/obiettivi-e-articolazione-della-strategia\/#primaryimage","url":"https:\/\/www.lazioeuropa.it\/laziosostenibile\/app\/uploads\/2020\/06\/TABELLA-FOCUS-GROUP.jpg","contentUrl":"https:\/\/www.lazioeuropa.it\/laziosostenibile\/app\/uploads\/2020\/06\/TABELLA-FOCUS-GROUP.jpg","width":596,"height":444},{"@type":"BreadcrumbList","@id":"https:\/\/www.lazioeuropa.it\/laziosostenibile\/obiettivi-e-articolazione-della-strategia\/#breadcrumb","itemListElement":[{"@type":"ListItem","position":1,"name":"Home","item":"https:\/\/www.lazioeuropa.it\/laziosostenibile\/"},{"@type":"ListItem","position":2,"name":"Obiettivi e articolazione della strategia"}]},{"@type":"WebSite","@id":"https:\/\/www.lazioeuropa.it\/laziosostenibile\/#website","url":"https:\/\/www.lazioeuropa.it\/laziosostenibile\/","name":"Lazio, regione sostenibile","description":"Lazio, regione sostenibile","potentialAction":[{"@type":"SearchAction","target":{"@type":"EntryPoint","urlTemplate":"https:\/\/www.lazioeuropa.it\/laziosostenibile\/?s={search_term_string}"},"query-input":{"@type":"PropertyValueSpecification","valueRequired":true,"valueName":"search_term_string"}}],"inLanguage":"it-IT"}]}},"featured_image_src":null,"featured_image_src_square":null,"uagb_featured_image_src":{"full":false,"thumbnail":false,"medium":false,"medium_large":false,"large":false,"gs-tiny":false,"xl":false,"xxl":false,"xxxl":false,"xxxxl":false,"xxxxxl":false,"1536x1536":false,"2048x2048":false,"ab-block-post-grid-landscape":false,"ab-block-post-grid-square":false,"post-thumbnail":false,"twentytwenty-fullscreen":false},"uagb_author_info":{"display_name":"laziosostenibile","author_link":"https:\/\/www.lazioeuropa.it\/laziosostenibile\/author\/laziosostenibile\/"},"uagb_comment_info":0,"uagb_excerpt":"Nel quadro delle grandi sfide lanciate dall\u2019Agenda 2030 &#8211; che riguardano la conservazione dell\u2019ambiente, il capitale umano\/relazionale, quello economico, culturale e sociale &#8211; la&nbsp;Strategia Regionale per lo Sviluppo Sostenibile (SRSvS)&nbsp;del Lazio mira a individuare i principali strumenti per contribuire al raggiungimento degli obiettivi della Strategia Nazionale per lo Sviluppo sostenibile (SNSvS) nonch\u00e9 ai goal e&hellip;","_links":{"self":[{"href":"https:\/\/www.lazioeuropa.it\/laziosostenibile\/wp-json\/wp\/v2\/pages\/23","targetHints":{"allow":["GET"]}}],"collection":[{"href":"https:\/\/www.lazioeuropa.it\/laziosostenibile\/wp-json\/wp\/v2\/pages"}],"about":[{"href":"https:\/\/www.lazioeuropa.it\/laziosostenibile\/wp-json\/wp\/v2\/types\/page"}],"author":[{"embeddable":true,"href":"https:\/\/www.lazioeuropa.it\/laziosostenibile\/wp-json\/wp\/v2\/users\/1"}],"replies":[{"embeddable":true,"href":"https:\/\/www.lazioeuropa.it\/laziosostenibile\/wp-json\/wp\/v2\/comments?post=23"}],"version-history":[{"count":4,"href":"https:\/\/www.lazioeuropa.it\/laziosostenibile\/wp-json\/wp\/v2\/pages\/23\/revisions"}],"predecessor-version":[{"id":1121,"href":"https:\/\/www.lazioeuropa.it\/laziosostenibile\/wp-json\/wp\/v2\/pages\/23\/revisions\/1121"}],"wp:attachment":[{"href":"https:\/\/www.lazioeuropa.it\/laziosostenibile\/wp-json\/wp\/v2\/media?parent=23"}],"curies":[{"name":"wp","href":"https:\/\/api.w.org\/{rel}","templated":true}]}}