{"id":271,"date":"2020-06-26T07:18:37","date_gmt":"2020-06-26T07:18:37","guid":{"rendered":"https:\/\/consultazione2127.xaos.it\/laziosostenibile\/?page_id=14"},"modified":"2023-07-04T11:53:09","modified_gmt":"2023-07-04T09:53:09","slug":"focus-group","status":"publish","type":"page","link":"https:\/\/www.lazioeuropa.it\/laziosostenibile\/focus-group\/","title":{"rendered":"Focus Group"},"content":{"rendered":"\n<p>La Regione Lazio ha organizzato <strong>7 Focus group<\/strong> tematici, per consultare stakeholder, esperti e operatori qualificati e raccogliere proposte, opinioni e suggerimenti per la definizione della <strong>Strategia Regionale per lo Sviluppo Sostenibile<\/strong>.<\/p>\n\n\n\n<p>Questo \u00e8 il calendario degli incontri:<\/p>\n\n\n\n<h3 class=\"wp-block-heading\" id=\"15-luglio-2020-focus-group-citta-intelligentiore-16-00-19-00\">15 luglio 2020 &#8211; Focus Group Citt\u00e0 intelligenti<br>ore 16.00 &#8211; 19.00<\/h3>\n\n\n\n<h6 class=\"wp-block-heading\" id=\"leggi-il-paper-introduttivoguarda-il-video-dell-incontro\">Leggi il <a href=\"http:\/\/www.lazioinnova.it\/app\/uploads\/2020\/07\/Paper-Introduttivo-Citta-Intelligenti.pdf\">Paper introduttivo<\/a><br>Guarda il <a href=\"https:\/\/www.facebook.com\/watch\/live\/?v=376670966630578&amp;ref=watch_permalink\">video dell&#8217;incontro<\/a><\/h6>\n\n\n\n<h3 class=\"wp-block-heading\" id=\"22-luglio-2020-focus-group-risorse-idriche-e-adattamento-cambiamenti-climaticiore-10-00-13-00\"><br>22 luglio 2020 &#8211; Focus Group Risorse idriche e Adattamento Cambiamenti climatici<br>ore 10.00 &#8211; 13.00<\/h3>\n\n\n\n<h6 class=\"wp-block-heading\" id=\"leggi-il-paper-introduttivoguarda-il-video-dell-incontro\">Leggi il <a href=\"http:\/\/www.lazioeuropa.it\/laziosostenibile\/app\/uploads\/2020\/07\/Paper-Introduttivo-Risorse-Idriche-e-Adattamento.pdf\">Paper introduttivo<\/a><br>Guarda il <a href=\"https:\/\/www.facebook.com\/watch\/live\/?v=345843033243323&amp;ref=watch_permalink\">video dell&#8217;incontro<\/a><\/h6>\n\n\n\n<h3 class=\"wp-block-heading\" id=\"30-luglio-2020-focus-group-povertaore-16-00-19-00\"><br>30 luglio 2020 &#8211; Focus Group Povert\u00e0<br>ore 16.00 &#8211; 19.00<\/h3>\n\n\n\n<h6 class=\"wp-block-heading\" id=\"leggi-il-paper-introduttivoguarda-il-video-dell-incontro\">Leggi il <a href=\"http:\/\/www.lazioeuropa.it\/laziosostenibile\/app\/uploads\/2020\/07\/Paper_Povert\u00e0.pdf\">Paper introduttivo<\/a><br>Guarda il <a href=\"https:\/\/www.facebook.com\/watch\/live\/?v=395849808061936&amp;ref=watch_permalink\">video dell&#8217;incontro<\/a><\/h6>\n\n\n\n<h3 class=\"wp-block-heading\" id=\"4-agosto-2020-focus-group-mobilitaore-10-00-13-00\"><br>4 agosto 2020 &#8211; Focus Group Mobilit\u00e0<br>ore 10.00 &#8211; 13.00<\/h3>\n\n\n\n<h6 class=\"wp-block-heading\" id=\"leggi-il-paper-introduttivoguarda-il-video-dell-incontro-i-parte-e-ii-parte\">Leggi il <a href=\"http:\/\/www.lazioeuropa.it\/laziosostenibile\/app\/uploads\/2020\/08\/Paper-Mobilita.pdf\">Paper introduttivo<\/a><br>Guarda il video dell&#8217;incontro: <a href=\"https:\/\/www.facebook.com\/RegioneLazio\/posts\/3149138055154765\">I parte<\/a> e <a href=\"https:\/\/www.facebook.com\/RegioneLazio\/videos\/1006799826446548\/\">II parte<\/a><\/h6>\n\n\n\n<h3 class=\"wp-block-heading\" id=\"6-agosto-2020-focus-group-economia-circolareore-10-00-13-00\"><br>6 agosto 2020 &#8211; Focus Group Economia Circolare<br>ore 10.00 -13.00<\/h3>\n\n\n\n<h6 class=\"wp-block-heading\" id=\"leggi-il-paper-introduttivoguarda-il-video-dell-incontro\">Leggi il <a href=\"http:\/\/www.lazioeuropa.it\/laziosostenibile\/app\/uploads\/2020\/08\/Paper_Economia-Circolare.pdf\">Paper introduttivo<\/a><br>Guarda il <a href=\"https:\/\/www.facebook.com\/RegioneLazio\/videos\/347773652898459\/\">video dell&#8217;incontro<\/a><\/h6>\n\n\n\n<h3 class=\"wp-block-heading\" id=\"9-settembre-2020-focus-group-economia-del-mareore-16-00-19-00\"><br><br>9 Settembre 2020 &#8211; Focus Group Economia del Mare<br>ore 16.00 &#8211; 19.00<\/h3>\n\n\n\n<h6 class=\"wp-block-heading\" id=\"leggi-il-paper-introduttivoguarda-il-video-dell-incontro\">Leggi il <a href=\"http:\/\/www.lazioeuropa.it\/laziosostenibile\/app\/uploads\/2020\/09\/Paper-Introduttivo-Focus-Group-Economia-del-Mare.pdf\">Paper introduttivo<\/a><br>Guarda il <a href=\"https:\/\/www.facebook.com\/RegioneLazio\/videos\/340133987229828\/?__so__=serp_videos_tab\">video dell&#8217;incontro<\/a><br><\/h6>\n\n\n\n<h3 class=\"wp-block-heading\" id=\"10-settembre-2020-focus-group-accesso-allo-studioore-10-00-13-00\"><br>10 Settembre 2020 &#8211; Focus Group Accesso allo studio<br>ore 10.00 &#8211; 13.00<\/h3>\n\n\n\n<h6 class=\"wp-block-heading\" id=\"leggi-il-paper-introduttivo-guarda-il-video-dell-incontro\">Leggi il <a href=\"http:\/\/www.lazioeuropa.it\/laziosostenibile\/app\/uploads\/2020\/09\/Paper-introduttivo-Accesso-allo-studio.pdf\">Paper introduttivo<\/a> <br>Guarda il <a href=\"https:\/\/www.facebook.com\/watch\/live\/?v=1700829716764265&amp;ref=watch_permalink\">video dell&#8217;incontro<\/a><br><\/h6>\n\n\n\n<h3 class=\"wp-block-heading\"><br><\/h3>\n\n\n\n<p><\/p>\n\n\n\n<p><br><strong>I 7 temi prioritari sono stati individuati in coerenza con le scelte strategiche e gli obiettivi della SNSvS.<\/strong><\/p>\n\n\n\n<div class=\"wp-block-columns is-layout-flex wp-container-core-columns-is-layout-9d6595d7 wp-block-columns-is-layout-flex\">\n<div class=\"wp-block-column is-layout-flow wp-block-column-is-layout-flow\">\n<h2 class=\"wp-block-heading\" id=\"area-prosperita\"><strong>Area<\/strong>: Prosperit\u00e0<\/h2>\n<\/div>\n\n\n\n<div class=\"wp-block-column is-layout-flow wp-block-column-is-layout-flow\">\n<p><strong>Scelte strategiche<br><\/strong>III. Affermare modelli sostenibili di produzione e consumo<br>IV. Decarbonizzare l\u2019economia<br><strong>Obiettivi strategici \/ Temi Focus Group<\/strong><br>III.1 Dematerializzare l\u2019economia, migliorando l\u2019efficienza dell\u2019uso delle risorse e promuovendo meccanismi di economia circolare<br>IV.2 Aumentare la mobilit\u00e0 sostenibile di persone e merci<\/p>\n<\/div>\n<\/div>\n\n\n\n<div class=\"wp-block-columns is-layout-flex wp-container-core-columns-is-layout-9d6595d7 wp-block-columns-is-layout-flex\">\n<div class=\"wp-block-column is-layout-flow wp-block-column-is-layout-flow\">\n<h2 class=\"wp-block-heading\" id=\"area-persone\"><strong>Area<\/strong>: Persone<\/h2>\n<\/div>\n\n\n\n<div class=\"wp-block-column is-layout-flow wp-block-column-is-layout-flow\">\n<p><strong>Scelte strategiche<\/strong><br>I. Contrastare la povert\u00e0 e l&#8217;esclusione sociale eliminando i divari territoriali<br>II. Garantire le condizioni per lo sviluppo del potenziale umano<br><strong>Obiettivi strategici \/ Temi Focus Group<\/strong><br>I.1. Ridurre l&#8217;intensit\u00e0 della povert\u00e0<br>II.3 Ridurre il tasso di abbandono scolastico e migliorare il sistema dell\u2019istruzione (Accesso allo studio)<\/p>\n<\/div>\n<\/div>\n\n\n\n<div class=\"wp-block-columns is-layout-flex wp-container-core-columns-is-layout-9d6595d7 wp-block-columns-is-layout-flex\">\n<div class=\"wp-block-column is-layout-flow wp-block-column-is-layout-flow\">\n<h2 class=\"wp-block-heading\" id=\"area-pianeta\"><strong>Area<\/strong>: Pianeta<\/h2>\n<\/div>\n\n\n\n<div class=\"wp-block-column is-layout-flow wp-block-column-is-layout-flow\">\n<p><strong>Scelte strategiche<\/strong><br>II. Garantire una gestione sostenibile delle risorse naturali<br>III. Creare comunit\u00e0 e territori resilienti, custodire i paesaggi e i beni culturali<br><strong>Obiettivo strategico \/ Tema Focus Group<\/strong><br>Cambiamenti climatici e gestione sostenibile delle risorse idriche (II.6 Minimizzare le emissioni e abbattere le concentrazioni inquinanti in atmosfera; III.5 Assicurare lo sviluppo del potenziale, la gestione sostenibile e la custodia dei territori, dei paesaggi e del patrimonio culturale)<\/p>\n<\/div>\n<\/div>\n\n\n\n<div class=\"wp-block-columns is-layout-flex wp-container-core-columns-is-layout-9d6595d7 wp-block-columns-is-layout-flex\">\n<div class=\"wp-block-column is-layout-flow wp-block-column-is-layout-flow\">\n<h2 class=\"wp-block-heading\" id=\"area-pianeta\"><strong>Area<\/strong>: Pianeta<\/h2>\n<\/div>\n\n\n\n<div class=\"wp-block-column is-layout-flow wp-block-column-is-layout-flow\">\n<p><strong>Scelte strategiche<\/strong><br>II. Garantire una gestione sostenibile delle risorse naturali<br>III. Creare comunit\u00e0 e territori resilienti, custodire i paesaggi e i beni culturali<br><strong>Obiettivo strategico \/ Tema Focus Group<\/strong><br>III.3 Rigenerare le citt\u00e0, garantire l\u2019accessibilit\u00e0 e assicurare la sostenibilit\u00e0 delle connessioni (citt\u00e0 intelligenti)<\/p>\n<\/div>\n<\/div>\n\n\n\n<div class=\"wp-block-columns is-layout-flex wp-container-core-columns-is-layout-9d6595d7 wp-block-columns-is-layout-flex\">\n<div class=\"wp-block-column is-layout-flow wp-block-column-is-layout-flow\">\n<h2 class=\"wp-block-heading\" id=\"area-pianeta-prosperita\"><strong>Area<\/strong>: Pianeta\/Prosperit\u00e0<\/h2>\n<\/div>\n\n\n\n<div class=\"wp-block-column is-layout-flow wp-block-column-is-layout-flow\">\n<p><strong>Scelte strategiche<\/strong><br>Pianeta: II. Garantire una gestione sostenibile delle risorse naturali<br>Prosperit\u00e0: III. Affermare modelli sostenibili di produzione e consumo<br><strong>Obiettivo strategico \/ Tema Focus Group<\/strong><br>Economia del mare<\/p>\n<\/div>\n<\/div>\n","protected":false},"excerpt":{"rendered":"<p>La Regione Lazio ha organizzato 7 Focus group tematici, per consultare stakeholder, esperti e operatori qualificati e raccogliere proposte, opinioni e suggerimenti per la definizione della Strategia Regionale per lo Sviluppo Sostenibile. Questo \u00e8 il calendario degli incontri: 15 luglio 2020 &#8211; Focus Group Citt\u00e0 intelligentiore 16.00 &#8211; 19.00 Leggi il Paper introduttivoGuarda il video [&hellip;]<\/p>\n","protected":false},"author":1,"featured_media":0,"parent":0,"menu_order":0,"comment_status":"closed","ping_status":"closed","template":"templates\/focusgroup.php","meta":{"_acf_changed":false,"_uag_custom_page_level_css":"","ghostkit_customizer_options":"","ghostkit_custom_css":"","ghostkit_custom_js_head":"","ghostkit_custom_js_foot":"","ghostkit_typography":"","footnotes":""},"class_list":["post-271","page","type-page","status-publish","hentry"],"acf":[],"yoast_head":"<!-- This site is optimized with the Yoast SEO plugin v25.9 - https:\/\/yoast.com\/wordpress\/plugins\/seo\/ -->\n<title>Focus Group - Lazio, regione sostenibile<\/title>\n<meta name=\"robots\" content=\"index, follow, max-snippet:-1, max-image-preview:large, max-video-preview:-1\" \/>\n<link rel=\"canonical\" href=\"https:\/\/www.lazioeuropa.it\/laziosostenibile\/focus-group\/\" \/>\n<meta property=\"og:locale\" content=\"it_IT\" \/>\n<meta property=\"og:type\" content=\"article\" \/>\n<meta property=\"og:title\" content=\"Focus Group - Lazio, regione sostenibile\" \/>\n<meta property=\"og:description\" content=\"La Regione Lazio ha organizzato 7 Focus group tematici, per consultare stakeholder, esperti e operatori qualificati e raccogliere proposte, opinioni e suggerimenti per la definizione della Strategia Regionale per lo Sviluppo Sostenibile. Questo \u00e8 il calendario degli incontri: 15 luglio 2020 &#8211; Focus Group Citt\u00e0 intelligentiore 16.00 &#8211; 19.00 Leggi il Paper introduttivoGuarda il video [&hellip;]\" \/>\n<meta property=\"og:url\" content=\"https:\/\/www.lazioeuropa.it\/laziosostenibile\/focus-group\/\" \/>\n<meta property=\"og:site_name\" content=\"Lazio, regione sostenibile\" \/>\n<meta property=\"article:modified_time\" content=\"2023-07-04T09:53:09+00:00\" \/>\n<meta name=\"twitter:card\" content=\"summary_large_image\" \/>\n<meta name=\"twitter:label1\" content=\"Tempo di lettura stimato\" \/>\n\t<meta name=\"twitter:data1\" content=\"3 minuti\" \/>\n<script type=\"application\/ld+json\" class=\"yoast-schema-graph\">{\"@context\":\"https:\/\/schema.org\",\"@graph\":[{\"@type\":\"WebPage\",\"@id\":\"https:\/\/www.lazioeuropa.it\/laziosostenibile\/focus-group\/\",\"url\":\"https:\/\/www.lazioeuropa.it\/laziosostenibile\/focus-group\/\",\"name\":\"Focus Group - Lazio, regione sostenibile\",\"isPartOf\":{\"@id\":\"https:\/\/www.lazioeuropa.it\/laziosostenibile\/#website\"},\"datePublished\":\"2020-06-26T07:18:37+00:00\",\"dateModified\":\"2023-07-04T09:53:09+00:00\",\"breadcrumb\":{\"@id\":\"https:\/\/www.lazioeuropa.it\/laziosostenibile\/focus-group\/#breadcrumb\"},\"inLanguage\":\"it-IT\",\"potentialAction\":[{\"@type\":\"ReadAction\",\"target\":[\"https:\/\/www.lazioeuropa.it\/laziosostenibile\/focus-group\/\"]}]},{\"@type\":\"BreadcrumbList\",\"@id\":\"https:\/\/www.lazioeuropa.it\/laziosostenibile\/focus-group\/#breadcrumb\",\"itemListElement\":[{\"@type\":\"ListItem\",\"position\":1,\"name\":\"Home\",\"item\":\"https:\/\/www.lazioeuropa.it\/laziosostenibile\/\"},{\"@type\":\"ListItem\",\"position\":2,\"name\":\"Focus Group\"}]},{\"@type\":\"WebSite\",\"@id\":\"https:\/\/www.lazioeuropa.it\/laziosostenibile\/#website\",\"url\":\"https:\/\/www.lazioeuropa.it\/laziosostenibile\/\",\"name\":\"Lazio, regione sostenibile\",\"description\":\"Lazio, regione sostenibile\",\"potentialAction\":[{\"@type\":\"SearchAction\",\"target\":{\"@type\":\"EntryPoint\",\"urlTemplate\":\"https:\/\/www.lazioeuropa.it\/laziosostenibile\/?s={search_term_string}\"},\"query-input\":{\"@type\":\"PropertyValueSpecification\",\"valueRequired\":true,\"valueName\":\"search_term_string\"}}],\"inLanguage\":\"it-IT\"}]}<\/script>\n<!-- \/ Yoast SEO plugin. -->","yoast_head_json":{"title":"Focus Group - Lazio, regione sostenibile","robots":{"index":"index","follow":"follow","max-snippet":"max-snippet:-1","max-image-preview":"max-image-preview:large","max-video-preview":"max-video-preview:-1"},"canonical":"https:\/\/www.lazioeuropa.it\/laziosostenibile\/focus-group\/","og_locale":"it_IT","og_type":"article","og_title":"Focus Group - Lazio, regione sostenibile","og_description":"La Regione Lazio ha organizzato 7 Focus group tematici, per consultare stakeholder, esperti e operatori qualificati e raccogliere proposte, opinioni e suggerimenti per la definizione della Strategia Regionale per lo Sviluppo Sostenibile. Questo \u00e8 il calendario degli incontri: 15 luglio 2020 &#8211; Focus Group Citt\u00e0 intelligentiore 16.00 &#8211; 19.00 Leggi il Paper introduttivoGuarda il video [&hellip;]","og_url":"https:\/\/www.lazioeuropa.it\/laziosostenibile\/focus-group\/","og_site_name":"Lazio, regione sostenibile","article_modified_time":"2023-07-04T09:53:09+00:00","twitter_card":"summary_large_image","twitter_misc":{"Tempo di lettura stimato":"3 minuti"},"schema":{"@context":"https:\/\/schema.org","@graph":[{"@type":"WebPage","@id":"https:\/\/www.lazioeuropa.it\/laziosostenibile\/focus-group\/","url":"https:\/\/www.lazioeuropa.it\/laziosostenibile\/focus-group\/","name":"Focus Group - Lazio, regione sostenibile","isPartOf":{"@id":"https:\/\/www.lazioeuropa.it\/laziosostenibile\/#website"},"datePublished":"2020-06-26T07:18:37+00:00","dateModified":"2023-07-04T09:53:09+00:00","breadcrumb":{"@id":"https:\/\/www.lazioeuropa.it\/laziosostenibile\/focus-group\/#breadcrumb"},"inLanguage":"it-IT","potentialAction":[{"@type":"ReadAction","target":["https:\/\/www.lazioeuropa.it\/laziosostenibile\/focus-group\/"]}]},{"@type":"BreadcrumbList","@id":"https:\/\/www.lazioeuropa.it\/laziosostenibile\/focus-group\/#breadcrumb","itemListElement":[{"@type":"ListItem","position":1,"name":"Home","item":"https:\/\/www.lazioeuropa.it\/laziosostenibile\/"},{"@type":"ListItem","position":2,"name":"Focus Group"}]},{"@type":"WebSite","@id":"https:\/\/www.lazioeuropa.it\/laziosostenibile\/#website","url":"https:\/\/www.lazioeuropa.it\/laziosostenibile\/","name":"Lazio, regione sostenibile","description":"Lazio, regione sostenibile","potentialAction":[{"@type":"SearchAction","target":{"@type":"EntryPoint","urlTemplate":"https:\/\/www.lazioeuropa.it\/laziosostenibile\/?s={search_term_string}"},"query-input":{"@type":"PropertyValueSpecification","valueRequired":true,"valueName":"search_term_string"}}],"inLanguage":"it-IT"}]}},"featured_image_src":null,"featured_image_src_square":null,"uagb_featured_image_src":{"full":false,"thumbnail":false,"medium":false,"medium_large":false,"large":false,"gs-tiny":false,"xl":false,"xxl":false,"xxxl":false,"xxxxl":false,"xxxxxl":false,"1536x1536":false,"2048x2048":false,"ab-block-post-grid-landscape":false,"ab-block-post-grid-square":false,"post-thumbnail":false,"twentytwenty-fullscreen":false},"uagb_author_info":{"display_name":"laziosostenibile","author_link":"https:\/\/www.lazioeuropa.it\/laziosostenibile\/author\/laziosostenibile\/"},"uagb_comment_info":0,"uagb_excerpt":"La Regione Lazio ha organizzato 7 Focus group tematici, per consultare stakeholder, esperti e operatori qualificati e raccogliere proposte, opinioni e suggerimenti per la definizione della Strategia Regionale per lo Sviluppo Sostenibile. Questo \u00e8 il calendario degli incontri: 15 luglio 2020 &#8211; Focus Group Citt\u00e0 intelligentiore 16.00 &#8211; 19.00 Leggi il Paper introduttivoGuarda il video&hellip;","_links":{"self":[{"href":"https:\/\/www.lazioeuropa.it\/laziosostenibile\/wp-json\/wp\/v2\/pages\/271","targetHints":{"allow":["GET"]}}],"collection":[{"href":"https:\/\/www.lazioeuropa.it\/laziosostenibile\/wp-json\/wp\/v2\/pages"}],"about":[{"href":"https:\/\/www.lazioeuropa.it\/laziosostenibile\/wp-json\/wp\/v2\/types\/page"}],"author":[{"embeddable":true,"href":"https:\/\/www.lazioeuropa.it\/laziosostenibile\/wp-json\/wp\/v2\/users\/1"}],"replies":[{"embeddable":true,"href":"https:\/\/www.lazioeuropa.it\/laziosostenibile\/wp-json\/wp\/v2\/comments?post=271"}],"version-history":[{"count":36,"href":"https:\/\/www.lazioeuropa.it\/laziosostenibile\/wp-json\/wp\/v2\/pages\/271\/revisions"}],"predecessor-version":[{"id":1118,"href":"https:\/\/www.lazioeuropa.it\/laziosostenibile\/wp-json\/wp\/v2\/pages\/271\/revisions\/1118"}],"wp:attachment":[{"href":"https:\/\/www.lazioeuropa.it\/laziosostenibile\/wp-json\/wp\/v2\/media?parent=271"}],"curies":[{"name":"wp","href":"https:\/\/api.w.org\/{rel}","templated":true}]}}